 ten thousands digit of 17696?
1
What is the thousands digit of 3105?
3
What is the ten thousands digit of 33156?
3
What is the units digit of 6240?
0
What is the tens digit of 45852?
5
What is the units digit of 63?
3
What is the hundreds digit of 82160?
1
What is the hundreds digit of 275?
2
What is the hundreds digit of 8741?
7
What is the hundreds digit of 2057?
0
What is the hundreds digit of 46353?
3
What is the hundreds digit of 18065?
0
What is the hundreds digit of 51129?
1
What is the tens digit of 663?
6
What is the tens digit of 5265?
6
What is the units digit of 81990?
0
What is the hundreds digit of 28957?
9
What is the ten thousands digit of 35628?
3
What is the tens digit of 43643?
4
What is the thousands digit of 1311?
1
What is the units digit of 883?
3
What is the ten thousands digit of 20223?
2
What is the tens digit of 21804?
0
What is the hundreds digit of 99806?
8
What is the tens digit of 25271?
7
What is the hundreds digit of 419?
4
What is the tens digit of 1813?
1
What is the ten thousands digit of 81720?
8
What is the tens digit of 280?
8
What is the thousands digit of 22074?
2
What is the tens digit of 25078?
7
What is the thousands digit of 5885?
5
What is the tens digit of 11846?
4
What is the tens digit of 20414?
1
What is the tens digit of 5865?
6
What is the ten thousands digit of 14084?
1
What is the tens digit of 5482?
8
What is the units digit of 8636?
6
What is the tens digit of 20829?
2
What is the thousands digit of 1131?
1
What is the ten thousands digit of 74403?
7
What is the thousands digit of 13042?
3
What is the hundreds digit of 8154?
1
What is the units digit of 348?
8
What is the hundreds digit of 1080?
0
What is the hundreds digit of 571?
5
What is the thousands digit of 4013?
4
What is the hundreds digit of 851?
8
What is the units digit of 9857?
7
What is the units digit of 614?
4
What is the hundreds digit of 523?
5
What is the thousands digit of 14570?
4
What is the hundreds digit of 47583?
5
What is the units digit of 549?
9
What is the hundreds digit of 1037?
0
What is the units digit of 1167?
7
What is the tens digit of 731?
3
What is the units digit of 2430?
0
What is the tens digit of 7622?
2
What is the tens digit of 1552?
5
What is the hundreds digit of 64590?
5
What is the hundreds digit of 7184?
1
What is the units digit of 4156?
6
What is the units digit of 25061?
1
What is the units digit of 13846?
6
What is the units digit of 88762?
2
What is the hundreds digit of 1134?
1
What is the thousands digit of 5632?
5
What is the units digit of 65815?
5
What is the units digit of 1914?
4
What is the tens digit of 166?
6
What is the hundreds digit of 116186?
1
What is the tens digit of 2443?
4
What is the tens digit of 37043?
4
What is the thousands digit of 2983?
2
What is the thousands digit of 12391?
2
What is the tens digit of 45627?
2
What is the tens digit of 2065?
6
What is the thousands digit of 23312?
3
What is the hundreds digit of 22555?
5
What is the units digit of 2313?
3
What is the ten thousands digit of 34644?
3
What is the units digit of 924?
4
What is the units digit of 7428?
8
What is the hundreds digit of 1236?
2
What is the units digit of 12703?
3
What is the units digit of 7311?
1
What is the hundreds digit of 1802?
8
What is the units digit of 13306?
6
What is the tens digit of 159?
5
What is the tens digit of 7833?
3
What is the thousands digit of 15866?
5
What is the tens digit of 81305?
0
What is the hundreds digit of 5781?
7
What is the tens digit of 52167?
6
What is the tens digit of 7400?
0
What is the tens digit of 1467?
6
What is the hundreds digit of 6343?
3
What is the units digit of 27859?
9
What is the hundreds digit of 103688?
6
What is the hundreds digit of 44833?
8
What is the units digit of 816?
6
What is the thousands digit of 4648?
4
What is the tens digit of 2171?
7
What is the thousands digit of 4310?
4
What is the units digit of 32338?
8
What is the tens digit of 117474?
7
What is the hundreds digit of 394?
3
What is the units digit of 229?
9
What is the units digit of 9550?
0
What is the hundreds digit of 6072?
0
What is the thousands digit of 3170?
3
What is the hundreds digit of 3003?
0
What is the units digit of 9273?
3
What is the units digit of 43803?
3
What is the hundreds digit of 2208?
2
What is the hundreds digit of 12232?
2
What is the thousands digit of 19948?
9
What is the hundreds digit of 2413?
4
What is the units digit of 34804?
4
What is the units digit of 66512?
2
What is the hundreds digit of 18956?
9
What is the units digit of 3647?
7
What is the units digit of 28331?
1
What is the thousands digit of 25334?
5
What is the hundreds digit of 5618?
6
What is the hundreds digit of 2805?
8
What is the thousands digit of 7910?
7
What is the thousands digit of 37107?
7
What is the units digit of 26350?
0
What is the thousands digit of 21964?
1
What is the units digit of 4815?
5
What is the ten thousands digit of 92878?
9
What is the tens digit of 4574?
7
What is the tens digit of 34409?
0
What is the tens digit of 7509?
0
What is the tens digit of 248?
4
What is the hundreds digit of 968?
9
What is the thousands digit of 131374?
1
What is the tens digit of 28830?
3
What is the hundreds digit of 26148?
1
What is the units digit of 2015?
5
What is the ten thousands digit of 23740?
2
What is the hundreds digit of 6555?
5
What is the ten thousands digit of 47139?
4
What is the tens digit of 15129?
2
What is the tens digit of 19590?
9
What is the hundreds digit of 201?
2
What is the thousands digit of 2240?
2
What is the hundreds digit of 867?
8
What is the units digit of 1518?
8
What is the tens digit of 307?
0
What is the units digit of 80314?
4
What is the hundreds digit of 5875?
8
What is the hundred thousands digit of 163893?
1
What is the units digit of 358?
8
What is the units digit of 75988?
8
What is the units digit of 60052?
2
What is the ten thousands digit of 19557?
1
What is the tens digit of 22028?
2
What is the hundreds digit of 4021?
0
What is the hundreds digit of 10685?
6
What is the tens digit of 4781?
8
What is the units digit of 907?
7
What is the tens digit of 15874?
7
What is the ten thousands digit of 25533?
2
What is the units digit of 77568?
8
What is the units digit of 6004?
4
What is the tens digit of 7107?
0
What is the hundreds digit of 57963?
9
What is the thousands digit of 7278?
7
What is the tens digit of 43?
4
What is the tens digit of 13446?
4
What is the hundreds digit of 1693?
6
What is the thousands digit of 11208?
1
What is the thousands digit of 8127?
8
What is the thousands digit of 4245?
4
What is the hundreds digit of 4658?
6
What is the tens digit of 43502?
0
What is the hundreds digit of 4505?
5
What is the hundreds digit of 6341?
3
What is the units digit of 37847?
7
What is the hundreds digit of 108538?
5
What is the units digit of 2497?
7
What is the units digit of 54678?
8
What is the tens digit of 2129?
2
What is the hundreds digit of 14787?
7
What is the tens digit of 2080?
8
What is the ten thousands digit of 16349?
1
What is the units digit of 8367?
7
What is the thousands digit of 8612?
8
What is the units digit of 1302?
2
What is the tens digit of 2920?
2
What is the thousands digit of 2576?
2
What is the units digit of 499?
9
What is the thousands digit of 1735?
1
What is the thousands digit of 39411?
9
What is the tens digit of 6726?
2
What is the hundreds digit of 187?
1
What is the units digit of 6278?
8
What is the hundreds digit of 6056?
0
What is the units digit of 2553?
3
What is the hundreds digit of 1365?
3
What is the thousands digit of 1014?
1
What is the units digit of 7225?
5
What is the thousands digit of 65642?
5
What is the thousands digit of 1581?
1
What is the thousands digit of 74637?
4
What is the units digit of 33?
3
What is the hundreds digit of 6633?
6
What is the thousands digit of 35951?
5
What is the tens digit of 9708?
0
What is the units digit of 14520?
0
What is the ten thousands digit of 18067?
1
What is the thousands digit of 6841?
6
What is the units digit of 635?
5
What is the thousands digit of 1180?
1
What is the units digit of 3358?
8
What is the tens digit of 211?
1
What is the tens digit of 1854?
5
What is the tens digit of 3539?
3
What is